hat is the greatest common factor of 331408 and 1771?
77
What is the highest common factor of 325 and 3585725?
325
Calculate the highest common divisor of 4 and 9280.
4
What is the greatest common divisor of 56 and 28168?
56
What is the greatest common divisor of 110511 and 18?
9
Calculate the greatest common divisor of 845 and 515.
5
Calculate the greatest common factor of 110 and 1499157.
11
Calculate the greatest common divisor of 5356 and 8125.
13
Calculate the greatest common divisor of 55 and 4213.
11
What is the highest common divisor of 187215 and 20?
5
What is the greatest common factor of 5460 and 95340?
420
What is the greatest common divisor of 759568 and 203?
29
What is the highest common factor of 21 and 684222?
21
What is the highest common divisor of 393783 and 312?
39
Calculate the highest common factor of 1944 and 1552284.
972
Calculate the highest common divisor of 73010 and 70328.
298
What is the highest common divisor of 160707 and 3?
3
What is the greatest common divisor of 5087949 and 366?
183
What is the greatest common divisor of 1644 and 201116?
548
What is the highest common factor of 5546316 and 492?
492
Calculate the highest common factor of 10820 and 15.
5
What is the highest common divisor of 77176 and 33?
11
What is the greatest common factor of 109 and 254?
1
What is the greatest common factor of 124 and 12004?
4
What is the highest common factor of 72338 and 210?
14
Calculate the highest common factor of 1099047 and 1635.
327
Calculate the greatest common factor of 210 and 10518.
6
What is the highest common divisor of 36 and 18292?
4
Calculate the highest common divisor of 32 and 36376.
8
Calculate the highest common divisor of 8094 and 6156.
114
What is the highest common divisor of 4440 and 467088?
888
What is the greatest common factor of 10425 and 9800?
25
What is the greatest common factor of 239621 and 747?
83
Calculate the greatest common factor of 595125 and 2300.
575
Calculate the greatest common factor of 220554 and 18.
18
What is the highest common factor of 56 and 60032?
56
What is the greatest common divisor of 49734 and 1535?
307
Calculate the highest common divisor of 896 and 2716.
28
What is the highest common divisor of 207 and 73347?
69
Calculate the greatest common factor of 784949 and 22.
11
Calculate the greatest common divisor of 708213 and 22.
11
What is the greatest common divisor of 213255 and 135?
45
What is the greatest common divisor of 77350 and 266?
14
Calculate the highest common factor of 7791 and 477.
159
What is the greatest common divisor of 278564 and 23452?
572
What is the greatest common divisor of 1186 and 62?
2
Calculate the greatest common factor of 84 and 30352.
28
Calculate the greatest common factor of 214 and 142.
2
Calculate the highest common divisor of 869 and 13351.
79
Calculate the greatest common divisor of 16921 and 1.
1
Calculate the greatest common divisor of 247 and 16169.
19
What is the highest common factor of 3411 and 14023?
379
What is the greatest common divisor of 318086 and 1068?
178
Calculate the greatest common factor of 115 and 85123.
23
Calculate the highest common divisor of 66757 and 277.
277
Calculate the greatest common factor of 108 and 5026806.
54
What is the highest common factor of 32976 and 144?
144
What is the highest common factor of 40 and 81264?
8
What is the highest common divisor of 248 and 88536?
248
Calculate the greatest common divisor of 8008 and 88.
88
What is the greatest common divisor of 12992 and 319?
29
What is the greatest common divisor of 407 and 26899?
37
Calculate the highest common factor of 19716 and 5724.
636
Calculate the highest common divisor of 1245 and 249.
249
What is the highest common divisor of 9550 and 450?
50
Calculate the greatest common divisor of 4 and 215444.
4
Calculate the highest common divisor of 130300 and 400.
100
What is the highest common divisor of 3078 and 1728?
54
What is the highest common divisor of 371 and 28726?
53
Calculate the highest common factor of 128478 and 168.
42
What is the highest common factor of 1443049 and 491?
491
Calculate the greatest common factor of 252 and 150780.
84
Calculate the greatest common factor of 387 and 1260.
9
Calculate the greatest common divisor of 752222 and 2742.
914
Calculate the greatest common divisor of 11990 and 21037.
109
What is the highest common divisor of 3101 and 42085?
443
Calculate the highest common divisor of 456492 and 2289.
327
What is the greatest common divisor of 708 and 340194?
354
What is the greatest common factor of 15 and 15195?
15
What is the highest common divisor of 47262 and 18?
6
Calculate the greatest common divisor of 8321 and 20881.
157
What is the greatest common factor of 248 and 1432?
8
What is the highest common divisor of 16 and 701?
1
Calculate the greatest common factor of 88389 and 244.
61
What is the highest common factor of 1216 and 28462?
38
Calculate the greatest common factor of 11352 and 1452.
132
Calculate the greatest common divisor of 485 and 8633.
97
Calculate the highest common factor of 1339810 and 10.
10
Calculate the greatest common factor of 4347 and 286146.
189
Calculate the greatest common divisor of 1152 and 1068.
12
What is the highest common factor of 3200 and 5800?
200
Calculate the highest common divisor of 26 and 6318.
26
What is the highest common factor of 7 and 319634?
7
What is the highest common factor of 1430920 and 80?
40
Calculate the highest common divisor of 37143 and 1413.
9
What is the greatest common divisor of 17838 and 504?
18
What is the greatest common divisor of 1694 and 7759367?
847
What is the highest common factor of 180 and 1704?
12
What is the highest common factor of 5934 and 25800?
258
What is the greatest common divisor of 18936 and 17478?
18
Calculate the greatest common divisor of 513 and 75981.
57
What is the highest common factor of 307614 and 5010?
1002
Calculate the highest common factor of 565340 and 3220.
460
Calculate the highest common divisor of 2951144 and 453.
151
What is the highest common factor of 2116 and 1978?
46
What is the highest common divisor of 703 and 8018?
19
Calculate the highest common divisor of 728 and 29064.
56
Calculate the greatest common divisor of 3276252 and 63.
63
Calculate the greatest common divisor of 1330 and 1602384.
266
What is the highest common factor of 580657 and 77?
77
Calculate the greatest common factor of 4898 and 7900.
158
Calculate the highest common divisor of 96156 and 72.
36
Calculate the greatest common divisor of 16560 and 3960.
360
Calculate the highest common factor of 296 and 926924.
148
What is the greatest common factor of 9756 and 234?
18
Calculate the greatest common factor of 405 and 232695.
45
What is the highest common divisor of 218 and 15082984?
218
Calculate the highest common divisor of 1133 and 718013.
103
What is the greatest common divisor of 33120 and 117?
9
Calculate the greatest common divisor of 14 and 101556.
14
What is the highest common factor of 42 and 44842?
14
Calculate the greatest common divisor of 752 and 6909.
47
What is the greatest common factor of 3048 and 7512?
24
What is the greatest common factor of 3 and 4371?
3
What is the highest common divisor of 1218 and 26222?
14
Calculate the greatest common factor of 8 and 39504.
8
What is the greatest common factor of 140 and 804790?
70
What is the highest common factor of 341656 and 392?
56
What is the highest common factor of 3290 and 10?
10
What is the greatest common factor of 1 and 167113?
1
What is the greatest common divisor of 14922 and 468?
18
What is the highest common factor of 14049 and 189?
63
Calculate the greatest common factor of 33368 and 129.
43
Calculate the greatest common factor of 296 and 1387500.
148
What is the greatest common divisor of 306 and 4374?
18
Calculate the highest common divisor of 228 and 6308.
76
Calculate the highest common factor of 178672 and 48.
16
What is the highest common factor of 2112 and 297?
33
Calculate the highest common factor of 17290 and 26.
26
What is the greatest common divisor of 1041711 and 99?
33
Calculate the highest common factor of 20880 and 12240.
720
Calculate the greatest common factor of 171886 and 33.
11
What is the highest common factor of 139 and 1755